. What are the prime factors of m?
179
Suppose 12299 - 57113 = -33*h. Suppose -h = -5*l + 4*l + 4*o, -3*o + 5375 = 4*l. What are the prime factors of l?
2, 673
Let b(k) = k - 4 + k - 5*k - 10. Let m be b(-7). What are the prime factors of (m/21)/((-3)/(-81))?
3
Suppose 5*v - 2012 = -482. Suppose -r - 2*h + v = 0, -5*r + h + h + 1506 = 0. What are the prime factors of r?
2, 151
Let k = 1974 - 1961. Let c(t) = 60 - 19 + t**3 - 13*t**2 + 6*t + 5*t. List the prime factors of c(k).
2, 23
Let r = -16 + 19. Suppose 11*h + r - 179 = 0. List the prime factors of h.
2
Suppose v + 3 = 2*g, 5*g - g - 3 = 3*v. Suppose 0 = 2*j + g*j + 45. Let u(b) = -8*b + 6. What are the prime factors of u(j)?
2, 3, 13
Suppose -19*k - 4*l = -21*k + 15778, 0 = -2*k - 3*l + 15792. List the prime factors of k.
3, 877
Let s(a) = 15*a**2 + 53*a - 50. List the prime factors of s(-28).
2, 5113
Suppose -80784 = -36*h + 3*h. Suppose -16 = 5*x + 4, 3*i - h = -3*x. What are the prime factors of i?
2, 5, 41
Suppose 0 = 6*k - 2 - 22. Suppose 0 = l - k*u + 2*u + 1, 2*u - 11 = -l. Suppose q = 5*j + 42, -2*q = l*j - 3*j - 120. List the prime factors of q.
3, 19
Let q(w) = -w**3 - 10*w**2 - 16*w + 3. Let m be q(-8). What are the prime factors of -21*1*m*(-602)/63?
2, 7, 43
Let x = 22622 + -10317. List the prime factors of x.
5, 23, 107
Let o(l) = -36*l + 169. Let y be o(5). Let z(r) be the second derivative of -r**3/6 + 5*r**2/2 - 2*r. What are the prime factors of z(y)?
2
Let o be ((-42)/(-24))/((-2)/8). Let p(z) = -z**2 + 1. Let k(i) = i**2 - 11*i - 19. Let v(m) = k(m) + 2*p(m). What are the prime factors of v(o)?
11
Suppose -2*b + 21 = t, -2*t = 3*b - 8 - 21. Suppose b*h - 5 = 47. Suppose -h*r - 4*r + 560 = 0. What are the prime factors of r?
2, 5, 7
Let x = -21627 + 31667. List the prime factors of x.
2, 5, 251
Let l be 86*(-1)/(-10) - 9/15. Suppose 0 = -4*r + l*r + q - 1601, 5 = 5*q. List the prime factors of r.
2, 5
List the prime factors of ((-1)/(4 - 8))/(88695/88692 - 1).
19, 389
List the prime factors of 16 - -303*(-5082)/(-63).
2, 7, 1747
Let l(a) = -12148*a + 9491. What are the prime factors of l(-6)?
11, 7489
Suppose 53*m = -0*m + 94658. Suppose -39*i = 2*q - 43*i - m, -15 = -3*i. What are the prime factors of q?
3, 7, 43
Let n(l) = -l**2 + 9*l + 29. Let j be n(11). Suppose -6*w = -g - j*w + 643, -w = -4*g + 2547. List the prime factors of g.
2, 11, 29
Suppose 3*b = -12, 4*z - 3*b = -125 + 4705. Let n = z + -592. What are the prime factors of n?
2, 5, 11
Suppose 3*o - 13*x - 88527 = -2*o, -5*o + 88495 = -5*x. List the prime factors of o.
5, 3539
Suppose 2*a + 2082 = 4*s, -s + 5*a + 301 + 242 = 0. Let l = s - 500. What are the prime factors of l?
2, 3
Suppose -3*g + 2*o - 32628 = -127006, 0 = -5*o - 25. List the prime factors of g.
2, 983
Let f be 3 + 1 + 10 + -11. Suppose 6*g - 1716 = f*g. List the prime factors of g.
2, 11, 13
Let l(o) = 1035*o**2 + 19*o + 29. List the prime factors of l(4).
3, 5, 11, 101
Let o be (0 - 5 - -1)*9/(-18). Suppose 0*w + 3*q = 5*w - 516, -208 = -o*w + 2*q. List the prime factors of w.
2, 3, 17
List the prime factors of 851936/132 + (-2)/33.
2, 7, 461
Let x be 10/(-6) + (-279800)/(-30). Suppose -1189 = -14*g + x. List the prime factors of g.
751
Let t be 1/(-3) + 784784/(-48). List the prime factors of t/(-20) - 2/4*1.
19, 43
Let m = -2200 - -15591. List the prime factors of m.
7, 1913
Let j = 27394 - 12078. What are the prime factors of j?
2, 7, 547
Let q(b) = 95*b - 3. Let n be q(1). Suppose -4*o - 13 = 2*c - 97, 2*c + 2*o = n. What are the prime factors of c?
2, 5
Suppose 2*g = 3*i - 20, 2*g - 16 = -i + 5*g. Suppose 5*d - 3*n - 13 = 0, -i*d - 5*n = -3*d - 25. Suppose -d - 139 = -4*w. What are the prime factors of w?
2, 3
Let l(i) = -28*i**2 - 114*i - 6. Let r be l(-4). Let q = -7 - -15. Suppose -5*p - 223 = -r*c - q*p, 0 = -4*c - p + 471. List the prime factors of c.
7, 17
Suppose i + 4*v - 32 = 0, -1 = 5*i + 160*v - 163*v. Let h(f) = -2*f**2 - f**2 - 13 + 6*f**2 + 16*f. What are the prime factors of h(i)?
3, 11
Let q be 4/(-10) - (-2548)/(-130). Let p(i) = -19*i + 26. List the prime factors of p(q).
2, 7, 29
Let k be ((-180)/3)/10 - (0 + -74). List the prime factors of 14*-1*(32 - k).
2, 3, 7
Suppose 0 = 5*t - 2*f - 100415, 179*t + 60263 = 182*t - 4*f. What are the prime factors of t?
43, 467
Suppose -3*r = -2*r - 10. Suppose g + 9*t - 295 = r*t, -5*g + 1475 = -4*t. List the prime factors of g.
5, 59
Let l(r) = 114*r**2 - 138*r - 79. What are the prime factors of l(19)?
38453
Suppose -4*p + 122 + 38 = 0. Let y be 5/90*4 + 1587/27. Let n = p + y. What are the prime factors of n?
3, 11
Let k(q) = 4*q**2 - 10*q - 232. List the prime factors of k(-23).
2, 7, 151
Suppose 36*h = 2*h + 232136 + 69920. What are the prime factors of h?
2, 2221
Suppose -23614 = 5*x - 4*f - 119580, 4*x = -3*f + 76779. Suppose 15*w = -6*w + x. List the prime factors of w.
2, 457
Let g(o) = -4*o**3 + 10*o**2 + 4*o - 8. Let f be g(5). Let q = f - -444. Suppose -q = -8*y - 54. List the prime factors of y.
19
Let t(f) = 2427*f - 181. What are the prime factors of t(1)?
2, 1123
Suppose 0*x - 108 = -2*x + 3*h, -x = -2*h - 56. Let t = -1012 + 984. Let u = t + x. List the prime factors of u.
2, 5
What are the prime factors of -9642*(200/(-30))/10 + -5?
3, 2141
Suppose -13 = -21*s + 197. Suppose 0 = -5*k - 2*g + 2016, -8*g = 5*k - s*g - 2004. What are the prime factors of k?
2, 3, 67
Let o(p) = 2*p + 29. Let a be o(-10). Let q(z) = -z**2 + 8*z + 10. Let w be q(a). Suppose -3*j + 7 = w. What are the prime factors of j?
2
Suppose 23196 + 179916 = 36*a. List the prime factors of a.
2, 7, 13, 31
Suppose 2*x - 5*j - 1 = 0, -3*x = j + 1 - 28. Suppose -5*n + 25 = -6*l + x*l, 5*l = -n + 74. List the prime factors of l.
3, 5
Let i(n) = 3*n**2 - 134*n - 1190. What are the prime factors of i(-63)?
7, 17, 23
Let w = 360 - 282. What are the prime factors of 76/8*7/(21/w)?
13, 19
Let i(m) = 6*m**2 - 4*m - 22. Let n be i(14). Suppose 4*w - n = -2*d, 0*w = w - 4*d - 279. What are the prime factors of w?
5, 11
Suppose -39 = 3*o - 54. Suppose 5*v + 42 - 17 = 3*i, o*v + 2*i = -25. What are the prime factors of v + 4 + 5 + 20?
2, 3
Suppose 0 = 26*w - 25*w - 5. Suppose -w*q + 3*i = 54 - 2647, 0 = 2*q - i - 1038. What are the prime factors of q?
521
Let t(a) = -7*a**2 + 9*a + 41. Let k be t(-11). Let l = 163 - k. Suppose 144 = -7*b + l. List the prime factors of b.
2, 3, 11
Suppose 3*o + 3005 = 2*j, 4*j = 12*o - 9*o + 6019. List the prime factors of j.
11, 137
Let h(d) = 137*d**2 + 84*d - 1158. List the prime factors of h(23).
89, 823
Let v be ((-15)/(450/8420))/(2/3). Let n = -208 - v. List the prime factors of n.
3, 71
Let d = -50 - -54. Suppose -2*x - 2*p = -d, -x + 2*p - 5*p + 6 = 0. List the prime factors of x - 0 - (120 - 0)/(-3).
2, 5
Let n(x) = -14*x + 1. Let f be n(2). Let p = f + 60. Suppose -3*u = -39 - p. List the prime factors of u.
2, 3
Let w(g) = 151*g**2 - 6*g + 6. Suppose -21*d = -18*d - 6. Let l be w(d). List the prime factors of (10/(-4))/((-23)/l).
5, 13
Let z = -211 + 245. List the prime factors of (23 + -28)/(67/z + -2).
2, 5, 17
Let n(k) be the first derivative of 14*k**3/3 - 2*k**2 - 7*k - 770. Let m = -5 + 2. List the prime factors of n(m).
131
Suppose 3*v = 297 + 183. Suppose -48*j - 10 = -53*j. List the prime factors of v/4 - 0 - j.
2, 19
Let k(y) = 9*y + 1204 + 3*y**2 - 2*y + 3*y - 27*y**3 - 1193 + 0*y**2. List the prime factors of k(-2).
3, 73
Suppose 4 = -0*a + 2*a. Suppose 5*z = a*g + 79, 2*z + 5 = 3*z - 4*g. Suppose -3*i - 35 = -5*c - 2*i, -c + 5*i = z. What are the prime factors of c?
2
Let i(k) = 298*k**2 - 42*k - 375. List the prime factors of i(-9).
3, 13, 619
Let j = -209 - -497. Suppose -z + 128 + j = -3*t, 828 = 2*z - 2*t. List the prime factors of z.
7, 59
Suppose 7963 + 15917 = 6*z. List the prime factors of z.
2, 5, 199
Let o(m) = 1211*m - 4304. List the prime factors of o(29).
5, 6163
Suppose 403 = -5*y - 42. Let r = 254 - y. List the prime factors of r.
7
Let r(b) = 7*b + 27. Let w be r(-14). Let u = w + 73. List the prime factors of u/(-8) - 9855/(-60).
2, 41
Let z = 44 + 0. Suppose 0 = -0*a - 2*a - 3*m + 22, 4*a + 5*m - z = 0. Suppose -2*v = -5*y - 213, -a*v = -10*v + y - 110. What are the prime factors of v?
109
Let n be 32/28*14/4. Let y be n/3*(-180)